{"id":3102,"date":"2026-02-24T22:58:59","date_gmt":"2026-02-24T21:58:59","guid":{"rendered":"https:\/\/eurekamaths.fr\/wpe\/?page_id=3102"},"modified":"2026-03-19T06:12:22","modified_gmt":"2026-03-19T05:12:22","slug":"lenigme-du-jeudi-19-mars","status":"publish","type":"page","link":"https:\/\/eurekamaths.fr\/wpe\/index.php\/semaine-des-mathematiques-2026\/lenigme-du-jeudi-19-mars\/","title":{"rendered":"L&rsquo;\u00e9nigme du jeudi 19 mars"},"content":{"rendered":"        <div class=\"tabs-container tabs-style-default\" id=\"tabs-1\">\n            <ul class=\"tabs-nav\">\n                                    <li class=\"tab-nav-item active\" data-tab=\"0\">\n                        CM1                    <\/li>\n                                    <li class=\"tab-nav-item \" data-tab=\"1\">\n                        CM2                    <\/li>\n                                    <li class=\"tab-nav-item \" data-tab=\"2\">\n                        6e                    <\/li>\n                                    <li class=\"tab-nav-item \" data-tab=\"3\">\n                        5e                    <\/li>\n                            <\/ul>\n\n            <div class=\"tabs-content-wrapper\">\n                                    <div class=\"tab-content active\" data-tab=\"0\">\n                        <\/p>\n<p><img loading=\"lazy\" decoding=\"async\" class=\"alignnone size-full wp-image-3174\" src=\"https:\/\/eurekamaths.fr\/wpe\/wp-content\/uploads\/2026\/03\/SDM26enigme4-CM1.png\" alt=\"\" width=\"454\" height=\"249\" srcset=\"https:\/\/eurekamaths.fr\/wpe\/wp-content\/uploads\/2026\/03\/SDM26enigme4-CM1.png 454w, https:\/\/eurekamaths.fr\/wpe\/wp-content\/uploads\/2026\/03\/SDM26enigme4-CM1-300x165.png 300w\" sizes=\"auto, (max-width: 454px) 100vw, 454px\" \/><\/p>\n<p>Ci-dessous la version interactive de l&rsquo;\u00e9nigme pour les classes ou leurs professeurs enregistr\u00e9s \u00e0 notre site. Cette version permet de valider imm\u00e9diatement le r\u00e9sultat de la classe.<br \/>\nMais, attention, une seule r\u00e9ponse par classe !<\/p>\n<p><p class=\"suq-message info\">Vous devez \u00eatre connect\u00e9 pour r\u00e9pondre au quiz.<\/p>                    <\/div>\n                                    <div class=\"tab-content \" data-tab=\"1\">\n                        <\/p>\n<p><img loading=\"lazy\" decoding=\"async\" class=\"alignnone size-full wp-image-3172\" src=\"https:\/\/eurekamaths.fr\/wpe\/wp-content\/uploads\/2026\/03\/SDM26enigme4-CM2.png\" alt=\"\" width=\"401\" height=\"195\" srcset=\"https:\/\/eurekamaths.fr\/wpe\/wp-content\/uploads\/2026\/03\/SDM26enigme4-CM2.png 401w, https:\/\/eurekamaths.fr\/wpe\/wp-content\/uploads\/2026\/03\/SDM26enigme4-CM2-300x146.png 300w\" sizes=\"auto, (max-width: 401px) 100vw, 401px\" \/><\/p>\n<p>Ci-dessous la version interactive de l&rsquo;\u00e9nigme pour les classes ou leurs professeurs enregistr\u00e9s \u00e0 notre site. Cette version permet de valider imm\u00e9diatement le r\u00e9sultat de la classe.<br \/>\nMais, attention, une seule r\u00e9ponse par classe !<\/p>\n<p><p class=\"suq-message info\">Vous devez \u00eatre connect\u00e9 pour r\u00e9pondre au quiz.<\/p>                    <\/div>\n                                    <div class=\"tab-content \" data-tab=\"2\">\n                        <\/p>\n<p><img loading=\"lazy\" decoding=\"async\" class=\"alignnone size-full wp-image-3176\" src=\"https:\/\/eurekamaths.fr\/wpe\/wp-content\/uploads\/2026\/03\/SDM26enigme4-6e.png\" alt=\"\" width=\"401\" height=\"204\" srcset=\"https:\/\/eurekamaths.fr\/wpe\/wp-content\/uploads\/2026\/03\/SDM26enigme4-6e.png 401w, https:\/\/eurekamaths.fr\/wpe\/wp-content\/uploads\/2026\/03\/SDM26enigme4-6e-300x153.png 300w\" sizes=\"auto, (max-width: 401px) 100vw, 401px\" \/><\/p>\n<p>Ci-dessous la version interactive de l&rsquo;\u00e9nigme pour les classes ou leurs professeurs enregistr\u00e9s \u00e0 notre site. Cette version permet de valider imm\u00e9diatement le r\u00e9sultat de la classe.<br \/>\nMais, attention, une seule r\u00e9ponse par classe !<\/p>\n<p><p class=\"suq-message info\">Vous devez \u00eatre connect\u00e9 pour r\u00e9pondre au quiz.<\/p>                    <\/div>\n                                    <div class=\"tab-content \" data-tab=\"3\">\n                        <\/p>\n<p><img loading=\"lazy\" decoding=\"async\" class=\"alignnone size-full wp-image-3178\" src=\"https:\/\/eurekamaths.fr\/wpe\/wp-content\/uploads\/2026\/03\/SDM26enigme4-5e.png\" alt=\"\" width=\"454\" height=\"241\" srcset=\"https:\/\/eurekamaths.fr\/wpe\/wp-content\/uploads\/2026\/03\/SDM26enigme4-5e.png 454w, https:\/\/eurekamaths.fr\/wpe\/wp-content\/uploads\/2026\/03\/SDM26enigme4-5e-300x159.png 300w\" sizes=\"auto, (max-width: 454px) 100vw, 454px\" \/><\/p>\n<p>Ci-dessous la version interactive de l&rsquo;\u00e9nigme pour les classes ou leurs professeurs enregistr\u00e9s \u00e0 notre site. Cette version permet de valider imm\u00e9diatement le r\u00e9sultat de la classe.<br \/>\nMais, attention, une seule r\u00e9ponse par classe !<\/p>\n<p><p class=\"suq-message info\">Vous devez \u00eatre connect\u00e9 pour r\u00e9pondre au quiz.<\/p>                    <\/div>\n                            <\/div>\n        <\/div>\n        \n","protected":false},"excerpt":{"rendered":"","protected":false},"author":4721,"featured_media":0,"parent":3066,"menu_order":0,"comment_status":"closed","ping_status":"closed","template":"","meta":{"footnotes":""},"class_list":["post-3102","page","type-page","status-publish"],"jetpack_sharing_enabled":true,"publishpress_future_action":{"enabled":false,"date":"2026-05-02 16:31:40","action":"change-status","newStatus":"draft","terms":[],"taxonomy":"","extraData":[]},"publishpress_future_workflow_manual_trigger":{"enabledWorkflows":[]},"_links":{"self":[{"href":"https:\/\/eurekamaths.fr\/wpe\/index.php\/wp-json\/wp\/v2\/pages\/3102","targetHints":{"allow":["GET"]}}],"collection":[{"href":"https:\/\/eurekamaths.fr\/wpe\/index.php\/wp-json\/wp\/v2\/pages"}],"about":[{"href":"https:\/\/eurekamaths.fr\/wpe\/index.php\/wp-json\/wp\/v2\/types\/page"}],"author":[{"embeddable":true,"href":"https:\/\/eurekamaths.fr\/wpe\/index.php\/wp-json\/wp\/v2\/users\/4721"}],"replies":[{"embeddable":true,"href":"https:\/\/eurekamaths.fr\/wpe\/index.php\/wp-json\/wp\/v2\/comments?post=3102"}],"version-history":[{"count":2,"href":"https:\/\/eurekamaths.fr\/wpe\/index.php\/wp-json\/wp\/v2\/pages\/3102\/revisions"}],"predecessor-version":[{"id":3209,"href":"https:\/\/eurekamaths.fr\/wpe\/index.php\/wp-json\/wp\/v2\/pages\/3102\/revisions\/3209"}],"up":[{"embeddable":true,"href":"https:\/\/eurekamaths.fr\/wpe\/index.php\/wp-json\/wp\/v2\/pages\/3066"}],"wp:attachment":[{"href":"https:\/\/eurekamaths.fr\/wpe\/index.php\/wp-json\/wp\/v2\/media?parent=3102"}],"curies":[{"name":"wp","href":"https:\/\/api.w.org\/{rel}","templated":true}]}}